t is the value of -18 - -2 - (-13 - (-8 - -2))?
-9
What is the value of 4 + (10 - 7) + -11?
-4
What is 4 - (5 + -1 - 5 - -5)?
0
Calculate 1 - 7 - (-2 + 0).
-4
What is the value of 6 + (-3 - (-4 + 3))?
4
Evaluate (3 - -1) + (-31 - -21).
-6
What is the value of 15 + -7 + (0 - 1)?
7
What is (0 - 6) + 16 - (3 - 1)?
8
What is the value of -4 + -1 + (0 - -6)?
1
Calculate 10 + (5 - 20 - -7).
2
Calculate -7 - (-5 + -2 + -3).
3
-6 + (-1 - 0) + 2
-5
What is (-1 - -1 - (-24 + 19)) + -2?
3
(-1 - ((-2 - -6) + -4)) + 2
1
What is the value of -2 + (-2 - -2) + 0?
-2
Evaluate -10 + 10 - (4 - (2 + -3)).
-5
Evaluate (-3 + 6 - -1) + -2 - -1.
3
(-5 - -3) + 3 + 0
1
What is 4 + -6 + (7 - 11)?
-6
(-5 - -3) + 1 - 2
-3
What is the value of (-1 - -1) + 160 + -153?
7
Calculate 0 + (5 - (2 + 1)).
2
Calculate (1 - 1) + -1 - (-47 - -44).
2
What is the value of 6 - (2 + -12) - 8?
8
(50 - 55) + (0 - -7)
2
Calculate (5 - 0) + (-1 - 7) + 3.
0
Evaluate 13 - 6 - (1 + 2).
4
Calculate (28 - 27) + (-6 - -1).
-4
2 - (25 - 19 - (-1 + 4))
-1
What is (-11 - -7) + (10 - 3 - 3)?
0
Calculate -1 + 4 + 1 - (-1 - 1).
6
Calculate 4 + 1 + (2 - (2 + 3)).
2
What is -13 - -3 - (9 + -25)?
6
What is (3 + 1 - 2) + -7 - -2?
-3
Evaluate -2 + (-2 - -5) - -3 - 0.
4
What is the value of (1 - -4) + -1 + 6 + -9?
1
Evaluate 1 - (4 - -1 - (-9 - -13)).
0
Calculate (26 - 28) + (6 + -3 - -4).
5
What is -2 - (0 + (0 - 0))?
-2
What is the value of (-5 - -3) + 0 + 2 + 2?
2
Calculate 35 - 47 - (0 - 18).
6
-2 - 0 - (-11 - -8)
1
Evaluate -3 - -12 - 13 - -4.
0
Evaluate 56 + -48 - (8 - 0).
0
Evaluate 19 + -5 + -10 + (1 - -1).
6
What is the value of 10 + -23 - (3 - 13)?
-3
What is (-1 - -9) + -81 + 85 + -6?
6
Evaluate 1 - 1 - (-186 + 192).
-6
Evaluate -5 + (3 - 4) + (-6 - -13).
1
Calculate (-3 - -1) + 5 + -5 - 1.
-3
Calculate (-9 - -9) + 0 + (2 - 3).
-1
Calculate 7 - -4 - 7 - 2.
2
What is the value of 1 + (3 - 3) + 1?
2
(5 - 1) + -19 + 16
1
What is the value of -2 - ((-3 - 1) + -55 + 59)?
-2
Evaluate 3 - (0 - (-2 - (1 + -1))).
1
Calculate -1 - ((-2 - -4) + -4).
1
Calculate -5 - 1 - (-5 - -2).
-3
10 + -5 + -4 - 3
-2
(-2 - -1 - 0) + -1 + 4
2
Evaluate 5 - (3 + (-1 - 2)).
5
Evaluate 7 + -6 - (-9 + 0 + 1).
9
What is the value of 4 + -13 + 11 + -4?
-2
Calculate -1 - (-1 + -13 + 28 + -23).
8
Calculate -2 - 0 - (4 + (-9 - -3)).
0
(-9 - 0) + 5 + 7
3
What is 5 - (-6 + 6 + 1)?
4
Evaluate -4 - (4 + (-2 - (3 + -2))).
-5
(-2 - -7) + 42 + -43
4
3 - ((-4 - -1 - 0) + 5)
1
What is 5 - (5 - (1 - 1))?
0
What is the value of -3 - (4 + (-1 - 2 - 4))?
0
What is the value of -1 - 5 - (-58 - -52)?
0
What is the value of (6 - 1 - 3) + (0 - -7)?
9
What is the value of -11 - -8 - (-2 + -1)?
0
Evaluate -5 + (-1 - -3 - (-13 - -10)).
0
Calculate -55 - -61 - (0 - -7).
-1
What is -9 - 3 - ((4 - 3) + -7)?
-6
Calculate (-1 - -6) + 1 + -1 + 0.
5
-5 + -8 - -5 - (-4 + -2)
-2
What is the value of (15 - 19 - (-1 + 1)) + 2?
-2
What is (-1 - 3) + 2 + 4?
2
Calculate 12 + -9 - (1 - -1).
1
Calculate 12 + -17 + 2 + 6 + 1.
4
Calculate 2 + 2 + -2 + -2 + 2.
2
Calculate -7 + -3 - -7 - (0 + -1).
-2
What is the value of 0 + -4 - (-1 - 2 - 0)?
-1
Evaluate 0 + 4 + 2 + 2 + -7.
1
Evaluate (52 - 51) + -10 + (-3 - -5).
-7
Evaluate -10 + 9 - 6 - -16.
9
What is the value of (2 - -2) + -8 + -1?
-5
Evaluate 1 + -6 + 3 + 3.
1
Evaluate (-22 - -24) + (1 - 1).
2
-59 + 53 + (2 - 2 - -6)
0
What is the value of 3 + -3 + 0 + (21 - 21)?
0
What is 4 - 4 - (-11 + 4) - 15?
-8
Evaluate (18 - 21) + (0 - -3) - 1.
-1
What is the value of 1 + (-1 - 3) + 7?
4
What is the value of -5 + -1 + 3 - 1?
-4
What is the value of (-2 - 0) + (-5 - -14) + -8?
-1
Evaluate 5 + 2 + (-3 - -2) + -1.
5
What is the value of -4 + (-7 + 13 - (-1 + 5))?
-2
2 + (2 - 0) + 0
4
Evaluate -8 + 9 + 1 + -4.
-2
What is 2 - 2 - (-3 - -1 - 3)?
5
What is -10 - (-11 - (2 + -9))?
-6
Calculate -2 + (3 - (-1 - -1) - 2).
-1
Calculate -1 - 3 - 4 - -4 - -5.
1
What is the value of 1 + 4 + 0 + 33 + -33?
5
5 - (-5 - ((-2 - 2) + -9))
-3
What is 9 + (-18 - -8) - (4 - 1)?
-4
(0 - 7) + -2 + 6
-3
What is the value of 0 + 4 - (2 - (-7 + 3))?
-2
(-10 + 5 - -3) + -3 - -3
-2
Calculate 4 + (1 - (5 + -4) - 3).
1
What is the value of -2 + (4 - -5) + -12?
-5
Calculate 0 + -3 - (-5 + (7 - 4)).
-1
Evaluate 29 + -10 - 13 - (4 - 0).
2
What is the value of (-6 - -2) + 12 + -6?
2
Evaluate (11 - (1 + 6)) + -6 + 2.
0
What is -1 + -1 + (11 - 4) - 1?
4
Evaluate -3 + 2 + (-2 - 3) + 3.
-3
Evaluate (8 - 0) + (-30 - -3 - -30).
11
Calculate -4 + (9 - (-5 - -7)).
3
Evaluate 1 + -1 + (-4 - -15 - 7).
4
What is the value of 4 + 0 + -16 + 2 + 5?
-5
Calculate -4 + 5 + -4 + 4.
1
-17 - (2 - (13 + (-8 - -3)))
-11
What is the value of -9 + 6 + 1 + -1?
-3
What is -6 + (3 - -6) - (1 - 2)?
4
What is the value of -15 - (11 - (17 - -3))?
-6
6 + -6 + (10 - 7)
3
Evaluate -6 + 3 + 13 - (17 + -12).
5
6 + -1 + 0 + -6
-1
What is the value of 8 - (0 - (3 + -8))?
3
(1 + -5 - (2 - -6)) + 5
-7
What is the value of -2 - (3 - (-7 - -2)) - -7?
-3
5 + (2 - 9 - (6 + -6))
-2
Evaluate (2 - -8) + (-1 - 5) - 10.
-6
What is -1 - (-1 + 0) - (-6 - -3)?
3
Evaluate -4 + (1 - 4 - (-13 + 9)).
-3
-1 - (14 + -6 + -13)
4
Evaluate 4 + (-3 - 0) + (-3 - -5).
3
Calculate -9 - -1 - (-20 + 17 + -6).
1
Calculate -1 - -7 - (-2 + 4 + 1).
3
What is -1 - ((5 - 1) + 13 + -14)?
-4
Evaluate (8 - 13) + 4 + 1.
0
Evaluate (1 - 3) + 2 + 2.
2
(-3 - -5) + 1 + -1 + 1
3
Evaluate 1 + 2 + (-6 - (-2 - -3)).
-4
Calculate -19 + 19 + (-2 - (-8 + 2)).
4
What is the value of (-2 - (4 - -4) - -5) + 10?
5
Evaluate 8 - 5 - (-1 + -1).
5
Evaluate -5 - (3 - (5 - -5)).
2
What is the value of 1 + (1 - ((1 - 2) + 5))?
-2
What is -7 - (-5 + 9) - -4?
-7
Calculate -5 + 1 - (4 + -7).
-1
3 + -3 + 9 + (-7 - -2)
4
-5 + 1 + (0 - -1) + 6
3
What is the value of 0 + (1 - -2) - (-2 + 4)?
1
Evaluate -5 + (6 + -2 - 1).
-2
-2 - (-2 + -4 + 0)
4
What is the value of -8 + 2 + -1 + 28 + -20?
1
Evaluate 3 - 1 - 6 - 0.
-4
What is 5 - (0 + (-4 - (-1 + -3)))?
5
(1 - (-1 - 0)) + -6
-4
What is (1 - 3) + -6 + 7 + 4?
3
15 - (6 + -4) - (18 + -11)
6
2 + (-2 - -5) + -8
-3
Evaluate -3 - (8 - 5 - 3).
-3
What is the value of 2 + -1 + (3 - 3)?
1
(6 + -8 - 2) + 2
-2
What is the value of (-163 - -170) + -1 + -12?
-6
Calculate 0 + (-3 + 10 - 1).
6
(4 + -7 - -3) + -1
-1
(8 - (5 + -4 + 2)) + -2
3
Evaluate 0 - (-3 + -1 - -6 - 3).
1
20 + -17 + -5 + (4 - 2)
0
Evaluate (-4 + 4 - 4) + (-2 - 0).
-6
Calculate (-3 - -6) + -4 + 1.
0
7 - (7 - (5 + -3) - 3)
5
0 + -2 + 3 + (1 - 4)
-2
Calculate 5 - (5 - 2) - (7 + 1).
-6
Calculate 2 - 6 - 8 - -10.
-2
Evaluate (0 - 7) + 3 + 2 + -2.
-4
Calculate 40 - 41 - ((-2 - -3) + -1).
-1
-6 + 3 + 2 - (-3 + -2)
4
Evaluate 9 + (0 - (0 + 4)).
5
Calculate 1 + (-1 - -3) + (0 - 1).
2
What is (-4 - -2) + (-1 - -14) + -16?
-5
Evaluate -2 + (10 - 8) - -7.
7
3 - (4 + -5 + 7 + -1)
-2
What is -4 + 6 + 7 + -15 + 5?
-1
0 + 4 + -1 + -3
0
What is the value of 4 - (-1 + 1 + 2)?
2
-3 - (-4 - (2 - 5))
-2
Evaluate -2 + 3 - -1 - (-3 + 7).
-2
What is -12 + 4 - (-2 + -1)?
-5
What is the value of 4 + -2 + 2 + -3?
1
Evaluate -2 - -1 - 0 - (1 + -4).
2
Evaluate -4 + (0 - -2) - 2.
-4
-2 - (7 - (5 + -1))
-5
Calculate 7 - 10 - (0 + 0 - 2).
-1
Evaluate 1 + (-7 + 3 - -5).
2
Evaluate (0 - 1) + -1 + 1 + 2.
1
Calculate (12 - -1) + -8 + -10 + -1.
-6
-5 - (4 - 6) - -9
6
What is (-6 - -5) + -2 - 0?
-3
What is (1 - (1 - (0 - 2))) + -2?
-4
Calculate -1 - (-2 + (0 - -1)).
0
What is 3 + 0 - (9 + 0 - 8)?
2
Calculate 7 - (-1 + 3) - 1.
4
What is the value of 5 - (-3 - 4) - 13?
-1
Calculate (0 - 5) + (6 - 4) + 0.
-3
What is the value of (3 - 2) + (-4 - 1 - -6)?
2
-14 + (-2 - 1) + 11
-6
What is the value of (-3 - -7) + (0 - 3 - -1)?
2
What is 0 + 0 + -1 + 1 + 4?
4
Calculate -5 + 14 + -2 - 4.
3
What is 3 + ((3 - 1) + -18 - -5)?
-8
4 + (-2 - (1 - (2 + -2)))
1
0 - -6 - (16 + -13) - 4
-1
Evaluate 8 - (7 - 0 - 1).
2
Evaluate -2 + 2 + (1 - (-1 - -3)).
-1
What is the value of 8 + (7 - (9 + -1 + 8))?
-1
What is 13 + -19 + -5 - -9?
-2
Calculate -3 + 1 + (7 - 10).
-5
What is (-5 - -3 - -5) + 0 - 8?
-5
-2 + 3 + 8 + -15
-6
Calculate -12 - 0 - (82 - 93).
-1
What is 0 + 2 + (-9 - -4)?
-3
What is the value of -2 + (10 - (3 - -2) - 8)?
-5
What is the value of 3 - (-7 - (2 - 17))?
-5
Evaluate (2 + -5 + 7 - 4) + 1.
1
-8 - (-5 - (-2 + 1))
-4
Calculate 0 - (-2 + 1 + -3).
4
Calculate (-5 - -3) + -4 + (0 - 1).
-7
What is the valu